 -389 + 415 = 13*q. Let a(v) = v**3 - v + 4. Let o be a(0). Suppose 3*h = -q*g + 50, -o*g + h = 4*h - 94. What are the prime factors of g?
2, 11
Let h(x) be the second derivative of 173*x**3/2 - 18*x**2 - 66*x + 1. List the prime factors of h(2).
2, 3, 167
Suppose 18062 = -89*o + 100*o. What are the prime factors of o?
2, 821
Let w(k) = 194*k + 4. Suppose 0 = -6*i - 36 + 42. List the prime factors of w(i).
2, 3, 11
Suppose -5*q - 27 = -u, -2*u + 2*q + 3 = -27. List the prime factors of u/(-2)*(-62863)/222.
1699
Suppose -s + 40316 = -4*o, 2*o + 131381 = 5*s - 70325. What are the prime factors of s?
2, 3, 41
Let s(l) = -l**3 - 6*l**2 - 7*l - 11. Let f be s(-5). Let k(a) = 16*a**2 + 2*a + 1. Let r be k(f). Suppose -8*j = -r*j + 672. List the prime factors of j.
2, 3
Let l be (-3 - -1)/((-15)/30). Suppose s = 5*f + 397, -770 = -2*s - l*f + 6*f. List the prime factors of s.
2, 191
Suppose 0 = f + 3*i - 26725, -f - 2*i = -18270 - 8460. What are the prime factors of f?
2, 5, 7, 191
Suppose 11020 = -3*a + 79450. List the prime factors of a.
2, 5, 2281
Let l = -258 - -546. Suppose 0 = -4*m - 0*m - l. Let a = 127 + m. List the prime factors of a.
5, 11
Let h = -32848 + 52916. What are the prime factors of h?
2, 29, 173
Let z(g) = -10*g**2 + 4*g + 7. Let v be z(-4). Let o = v - -452. What are the prime factors of o?
283
Let l = 24 + -20. Let p be 331/3*3 + l. Suppose -6*h + h + p = 0. List the prime factors of h.
67
Let d be 55/3 - (-9)/(-27). List the prime factors of (-7)/(21/d) - -852.
2, 3, 47
Let j(m) be the second derivative of -m**5/20 + m**4/4 + 7*m**3/6 + 5*m**2 - 173*m. List the prime factors of j(-4).
2, 47
List the prime factors of (-12)/150 - (10 + (-1970856)/75).
2, 3, 11, 199
Let n = 17705 + -5854. List the prime factors of n.
7, 1693
Suppose -3*p - f = -272385, 3*p + 2779*f - 2780*f - 272379 = 0. List the prime factors of p.
2, 11, 4127
Let o = 200 + -195. Suppose -3*p + 12 = -3*c - 3, 5*p - 35 = -o*c. What are the prime factors of p?
2, 3
Let h = 38543 + -18678. What are the prime factors of h?
5, 29, 137
Suppose -y - 47 = -42, 2*g - y - 28735 = 0. List the prime factors of g.
5, 13, 17
Let r be (8/(-20))/(12/(-150)). Suppose r*j = p + 1300, 96 - 616 = -2*j + 5*p. List the prime factors of j.
2, 5, 13
Let z be 10/(-35)*(-90 - 1). Let b(p) = p**3 - 27*p**2 + 21*p + 50. Let k be b(z). Let r = 176 + k. What are the prime factors of r?
2, 3
Suppose 49216 = -159*u + 175*u. What are the prime factors of u?
2, 769
Let g(m) be the third derivative of -21*m**6/40 - m**5/20 + m**4/24 + m**3/2 + 8*m**2. Let k be g(-1). What are the prime factors of (4 - 2 - 3) + k?
61
Suppose 7*n - 10*n + 148705 = 5*t, -4*n + 89223 = 3*t. What are the prime factors of t?
29741
Suppose 0*y + y = 2, 3*k + y + 25 = 0. List the prime factors of -4 - k/6*1856/4.
2, 173
What are the prime factors of 18 + -21 + -22 - -41545?
2, 3, 5, 173
Let w be -45*1/(3*(-20)/36). Let p be w/15 - -2 - (-1)/5. Suppose s = -4*h + 1192, -55 = p*h + 3*s - 1255. What are the prime factors of h?
3, 11
Let b(g) = g**2 + 8*g - 35. Let z be b(-20). Let j = z + -14. Suppose 3*r + 4*x - 588 = 2*x, 0 = r - x - j. What are the prime factors of r?
2, 97
Let q(h) = -49*h + 1099. List the prime factors of q(14).
7, 59
Let c(u) = -u**2 - 2*u + 28. Let l be c(0). Suppose w = -4*n + l, -4*w + 28 = 4*n - 2*w. Let r(h) = -h**3 + 8*h**2 - 4*h - 11. List the prime factors of r(n).
2, 5
What are the prime factors of ((-16)/56 + (-1576)/(-28))*(885 - 4)?
2, 7, 881
Suppose 0 = -16*h + 35*h - 69331. List the prime factors of h.
41, 89
Let q be (10 + -1)/((-7 - -8) + 2). Suppose q*y - 1667 = 6*a - 2*a, -2171 = -4*y - 5*a. What are the prime factors of y?
3, 61
Suppose 3*l - 403 - 47 = 0. Suppose q - l = -0*v - 2*v, 2*v + 5*q - 158 = 0. Suppose -10*g = -9*g - v. What are the prime factors of g?
2, 37
Let m(w) = 3*w**2 - 467*w - 224. What are the prime factors of m(196)?
2, 7, 839
Suppose -5*p - 62845 = 6*f - 9*f, -p = -3*f + 62861. What are the prime factors of f?
3, 5, 11, 127
Suppose 5*s + 11*q = 6*q + 30, q - 24 = -3*s. Suppose -s*g - 5 = -10*g. Suppose g*n - 5*w - 577 = -w, -5*n - 3*w + 556 = 0. List the prime factors of n.
113
Let s(k) = k**3 + 13*k**2 + 21*k. Suppose -5*j - 2*g = -j - 4, -14 = -2*j + 2*g. Suppose -j*y + 25 - 70 = -3*f, 3*y = -2*f - 25. List the prime factors of s(y).
11
Let y = -4257 + 9478. What are the prime factors of y?
23, 227
Suppose 13*x = -2*d + 17*x + 22, -4*d + 5 = 5*x. List the prime factors of 4/(4/d) - (-1202)/2.
2, 3, 101
Let t be 90/(-8) - 20/(-16). What are the prime factors of (444/(-6) + t)*21/(-4)?
3, 7
Let h = -69 - -88. Let b = h + -3. Suppose -b*r = -20*r + 92. What are the prime factors of r?
23
Let w = 10643 - 6787. What are the prime factors of w?
2, 241
Let w = 275 - 252. Let i(o) = o**2 - 8*o + 10. Let c be i(7). Suppose 4*u - 3*u - 2*n = w, 5*u = -c*n + 154. List the prime factors of u.
29
What are the prime factors of (-10)/50 + (-2)/(-11) + (-303492)/(-110)?
31, 89
Let d(s) = -5101*s - 3170. What are the prime factors of d(-8)?
2, 3, 17, 41
Let m = 18 - -242. What are the prime factors of 0 + (-1)/(-4) + 233155/m?
3, 13, 23
Suppose 105*g = 110*g - 10. Suppose 5 = -c, c = -u + g*c + 219. What are the prime factors of u?
2, 107
Suppose 5*j = -70896 + 103371 + 103575. What are the prime factors of j?
2, 3, 5, 907
Let h = 21 + -19. Suppose h*u - 2712 = -p, -u - 3*p - 353 = -1719. Suppose 16*y - u - 518 = 0. List the prime factors of y.
3, 13
Let y(j) = j**2 - 28*j + 135. Let t be y(21). Let z(b) = -99*b - 214. What are the prime factors of z(t)?
2, 487
Let u(o) = 24*o**2 + o - 1. Let s be u(-2). Suppose 4*d = -3*w + 939, -4*d + 992 = -5*w + s. List the prime factors of d.
3, 7, 11
What are the prime factors of (11/(-2) - -5)/((-60)/3617400)?
5, 6029
Let x be 86/12 + (1 - (-28)/(-24)). Let f(z) = 3*z + 15. Let l be f(x). What are the prime factors of 66/4*l/27?
2, 11
Suppose -6*y - 401 = -12761. Suppose 0 = 2*z - 0*u - u - 824, -5*z + y = 2*u. What are the prime factors of z?
2, 103
Suppose 22*b + 3583152 = 34*b + 60*b. What are the prime factors of b?
2, 149, 167
List the prime factors of (37670 - 549) + 8/1.
107, 347
Let n(v) = 3*v**2 + 16*v + 58. Let c = -367 + 353. What are the prime factors of n(c)?
2, 211
Let h be (0/(-1*1))/(-5 - -3). Let s be -1*(h - 1)/1. List the prime factors of 2 - (-2*(-10)/(-1) + s).
3, 7
Suppose 3*u + 5*n - 15 = 0, -2*u - 4*n = 2*u - 20. Suppose 459 = s + u*v, -1052 = -5*s + 4*v + 1156. What are the prime factors of s?
2, 3, 37
Let m be (1 - 3 - -3)*-11. Let q(z) be the second derivative of z**4/6 - z**3/3 - 10*z**2 - 2*z. List the prime factors of q(m).
2, 61
Suppose k - 93124 = -4*k - 3*d, 5*k - 93106 = 3*d. What are the prime factors of k?
11, 1693
Suppose 4*p - l + 0*l = 21195, 0 = 2*p + 4*l - 10620. What are the prime factors of p?
2, 5, 53
Let w = 92041 - 33462. List the prime factors of w.
58579
Suppose 0 = 5*x - 3*q + q - 28470, -q + 5 = 0. List the prime factors of x.
2, 89
Suppose -5*o = -5*v + 174510, -5*o + 139680 = -1469*v + 1473*v. What are the prime factors of v?
2, 5, 3491
Let u(z) be the first derivative of z**3/3 - 5*z**2/2 - 8*z - 31. Let r be u(8). Suppose -2*l + 111 = k, -k = 13 - r. What are the prime factors of l?
2, 3
List the prime factors of 2106/(-234)*(-11126)/6.
3, 5563
Suppose 138*z + 2161374 - 6728484 = 0. What are the prime factors of z?
5, 6619
Suppose -4*m + f + 169 = 0, -102 = -m - m + 4*f. Suppose 11*d = 175 + 111. Let k = d + m. What are the prime factors of k?
67
Let y = 1495 - 976. List the prime factors of y.
3, 173
Suppose -3*o + 57 = 4*d, -3*o - 6 = -d - 3. Suppose -4*m - d = -80. List the prime factors of (-2 - (-8)/(-1))/(m/(-136)).
2, 5
Suppose 7*n - 32*n + 343283 = 72*n. What are the prime factors of n?
3539
Let m = 64645 + -27275. List the prime factors of m.
2, 5, 37, 101
Let d = 10 + 2. Let s = d - 9. Suppose f - 132 = -s*f. What are the prime factors of f?
3, 11
Let d(j) = j**2 - 17*j + 28. Let r be d(16). Suppose -r*y + 4*y + 816 = 0. What are the prime factors of y?
2, 3, 17
Let w = 207 - 18. What are the prime factors of (-1)/(3/w*-3)?
3, 7
Let o = 36912 + -24396. What are the prime factors of o?
2, 3, 7, 149
Let z(s) be the second derivative of -s**4/6 - 7*s**3/2 + 6*s**2 - 16*s